?
2
What is the units digit of 6741?
1
What is the units digit of 2249?
9
What is the thousands digit of 1259?
1
What is the hundreds digit of 15858?
8
What is the tens digit of 31?
3
What is the thousands digit of 8511?
8
What is the units digit of 5858?
8
What is the tens digit of 5148?
4
What is the units digit of 2802?
2
What is the hundreds digit of 2548?
5
What is the hundreds digit of 141?
1
What is the tens digit of 17670?
7
What is the tens digit of 989?
8
What is the tens digit of 1096?
9
What is the thousands digit of 12244?
2
What is the ten thousands digit of 20618?
2
What is the thousands digit of 6929?
6
What is the ten thousands digit of 97732?
9
What is the units digit of 990?
0
What is the units digit of 1246?
6
What is the hundreds digit of 4802?
8
What is the units digit of 32489?
9
What is the thousands digit of 5863?
5
What is the hundreds digit of 487?
4
What is the ten thousands digit of 30070?
3
What is the hundreds digit of 9503?
5
What is the thousands digit of 42319?
2
What is the units digit of 652?
2
What is the units digit of 2281?
1
What is the hundreds digit of 1878?
8
What is the units digit of 7225?
5
What is the units digit of 9704?
4
What is the tens digit of 3664?
6
What is the ten thousands digit of 70769?
7
What is the hundreds digit of 11172?
1
What is the thousands digit of 77916?
7
What is the thousands digit of 1568?
1
What is the hundreds digit of 87728?
7
What is the units digit of 3759?
9
What is the ten thousands digit of 95931?
9
What is the ten thousands digit of 63025?
6
What is the tens digit of 639?
3
What is the thousands digit of 1482?
1
What is the thousands digit of 1320?
1
What is the units digit of 40342?
2
What is the thousands digit of 11562?
1
What is the units digit of 652?
2
What is the thousands digit of 47968?
7
What is the hundreds digit of 1412?
4
What is the hundreds digit of 1014?
0
What is the units digit of 284?
4
What is the units digit of 1045?
5
What is the units digit of 165772?
2
What is the tens digit of 13970?
7
What is the units digit of 8581?
1
What is the hundreds digit of 1406?
4
What is the hundreds digit of 596?
5
What is the hundreds digit of 7194?
1
What is the hundreds digit of 18262?
2
What is the hundreds digit of 48532?
5
What is the thousands digit of 11663?
1
What is the tens digit of 397?
9
What is the tens digit of 3396?
9
What is the thousands digit of 1980?
1
What is the hundreds digit of 911?
9
What is the hundreds digit of 219?
2
What is the thousands digit of 94849?
4
What is the thousands digit of 12719?
2
What is the units digit of 794?
4
What is the units digit of 309?
9
What is the units digit of 16924?
4
What is the thousands digit of 109188?
9
What is the hundreds digit of 15914?
9
What is the thousands digit of 21113?
1
What is the thousands digit of 1247?
1
What is the ten thousands digit of 67859?
6
What is the tens digit of 18278?
7
What is the units digit of 2268?
8
What is the hundreds digit of 12937?
9
What is the units digit of 30945?
5
What is the hundreds digit of 72010?
0
What is the units digit of 2294?
4
What is the units digit of 1527?
7
What is the thousands digit of 1028?
1
What is the hundreds digit of 1437?
4
What is the tens digit of 2634?
3
What is the thousands digit of 29294?
9
What is the hundreds digit of 9085?
0
What is the units digit of 4590?
0
What is the hundreds digit of 321?
3
What is the tens digit of 2177?
7
What is the tens digit of 4376?
7
What is the hundreds digit of 1797?
7
What is the tens digit of 46839?
3
What is the hundreds digit of 1520?
5
What is the tens digit of 20418?
1
What is the tens digit of 33724?
2
What is the units digit of 41107?
7
What is the ten thousands digit of 42397?
4
What is the hundreds digit of 6176?
1
What is the ten thousands digit of 24169?
2
What is the units digit of 1528?
8
What is the units digit of 12960?
0
What is the hundred thousands digit of 106087?
1
What is the tens digit of 1168?
6
What is the units digit of 21628?
8
What is the units digit of 706?
6
What is the thousands digit of 22288?
2
What is the thousands digit of 1771?
1
What is the units digit of 863?
3
What is the units digit of 565?
5
What is the units digit of 64351?
1
What is the units digit of 3887?
7
What is the units digit of 74?
4
What is the thousands digit of 8226?
8
What is the ten thousands digit of 10576?
1
What is the tens digit of 39?
3
What is the units digit of 1612?
2
What is the units digit of 17147?
7
What is the tens digit of 6948?
4
What is the hundreds digit of 2824?
8
What is the hundreds digit of 2505?
5
What is the hundreds digit of 1635?
6
What is the units digit of 50395?
5
What is the units digit of 71856?
6
What is the hundred thousands digit of 125415?
1
What is the ten thousands digit of 40281?
4
What is the hundreds digit of 422?
4
What is the units digit of 848?
8
What is the ten thousands digit of 83083?
8
What is the hundreds digit of 10566?
5
What is the tens digit of 26538?
3
What is the thousands digit of 2015?
2
What is the units digit of 5251?
1
What is the tens digit of 8970?
7
What is the tens digit of 97?
9
What is the thousands digit of 23684?
3
What is the tens digit of 86611?
1
What is the hundreds digit of 6848?
8
What is the hundreds digit of 2800?
8
What is the hundreds digit of 135381?
3
What is the thousands digit of 27881?
7
What is the tens digit of 84906?
0
What is the thousands digit of 1079?
1
What is the units digit of 4231?
1
What is the hundreds digit of 4366?
3
What is the tens digit of 4090?
9
What is the hundreds digit of 6255?
2
What is the thousands digit of 16714?
6
What is the hundreds digit of 13257?
2
What is the hundreds digit of 179?
1
What is the units digit of 36770?
0
What is the tens digit of 956?
5
What is the thousands digit of 17801?
7
What is the tens digit of 41428?
2
What is the thousands digit of 6070?
6
What is the tens digit of 31472?
7
What is the tens digit of 890?
9
What is the hundreds digit of 1658?
6
What is the tens digit of 50025?
2
What is the hundreds digit of 10029?
0
What is the hundreds digit of 14303?
3
What is the thousands digit of 141152?
1
What is the tens digit of 821?
2
What is the tens digit of 20382?
8
What is the tens digit of 132716?
1
What is the thousands digit of 179089?
9
What is the thousands digit of 2060?
2
What is the units digit of 101642?
2
What is the units digit of 86189?
9
What is the units digit of 7336?
6
What is the ten thousands digit of 158935?
5
What is the tens digit of 589?
8
What is the hundreds digit of 5888?
8
What is the thousands digit of 8842?
8
What is the hundreds digit of 12548?
5
What is the tens digit of 900?
0
What is the units digit of 1509?
9
What is the thousands digit of 1269?
1
What is the thousands digit of 2338?
2
What is the units digit of 8678?
8
What is the units digit of 920?
0
What is the ten thousands digit of 36190?
3
What is the units digit of 774?
4
What is the thousands digit of 1123?
1
What is the hundreds digit of 157?
1
What is the thousands digit of 2522?
2
What is the units digit of 613?
3
What is the tens digit of 3061?
6
What is the units digit of 37?
7
What is the tens digit of 14099?
9
What is the ten thousands digit of 14331?
1
What is the thousands digit of 21721?
1
What is the tens digit of 446?
4
What is the hundreds digit of 424?
4
What is the thousands digit of 7689?
7
What is the thousands digit of 1056?
1
What is the hundreds digit of 5071?
0
What is the tens digit of 65679?
7
What is the thousands digit of 7138?
7
What is the thousands digit of 22000?
2
What is the units digit of 2269?
9
What is the tens digit of 73?
7
What is the hundreds digit of 8546?
5
What is the hundreds digit of 1891?
8
What is the ten thousands digit of 10757?
1
What is the hundreds digit of 1326?
3
What is the units digit of 1766?
6
What is the tens digit of 1454?
5
What is the tens digit of 7925?
2
What is the units digit of 1079?
9
What is the tens digit of 64986?
8
What is the hundreds digit of 36361?
3
What is the units digit of 26417?
7
What is the tens digit of 1796?
9
What is the hundreds digit of 541?
5
What is the thousands digit of 25256?
5
What is the tens digit of 79?
7
What is the hundreds digit of 362?
3
What is the tens digit of 447?
